{"id":27754,"date":"2013-11-20T21:59:53","date_gmt":"2013-11-20T20:59:53","guid":{"rendered":"http:\/\/grundschule-homberg.de\/wp\/?page_id=27754"},"modified":"2023-11-16T13:25:43","modified_gmt":"2023-11-16T12:25:43","slug":"schuelerbefoerderung-waehrend-des-winters","status":"publish","type":"page","link":"https:\/\/grundschule-homberg.de\/wp\/?page_id=27754","title":{"rendered":"Sch\u00fclerbef\u00f6rderung w\u00e4hrend des Winters"},"content":{"rendered":"<p><strong><u>Sch\u00fclerbef\u00f6rderung w\u00e4hrend des Winters<\/u><\/strong><\/p>\n<p>Liebe Eltern unserer <strong>Fahrsch\u00fcler<\/strong>,<\/p>\n<p>der Winter steht vor der T\u00fcr, daher m\u00f6chten wir Sie wieder \u00fcber die Vorgehensweise bei <strong>extremen Witterungsverh\u00e4ltnissen<\/strong> informieren. Sicher haben Sie Verst\u00e4ndnis f\u00fcr unsere Bitte an Sie, an Tagen mit witterungsbedingten Verkehrsproblemen nicht alle einzeln telefonisch in der Schule nachzufragen, sondern sich im Zweifelsfall an die Klassenlehrerinnen zu wenden.<\/p>\n<p>Das Informations- und Meldesystem im Vogelsbergkreis sieht folgende Abl\u00e4ufe vor:<\/p>\n<p><strong><u>Unterrichtsabsage f\u00fcr den gesamten Kreis am Vortag<\/u><\/strong><\/p>\n<p>Sollte sich bereits am Vortag eine erhebliche Beeintr\u00e4chtigung des Stra\u00dfenverkehrs und damit auch eine besondere Gef\u00e4hrdung der Sch\u00fclerinnen und Sch\u00fcler in der Sch\u00fclerbef\u00f6rderung abzeichnen, kann der Unterricht f\u00fcr den folgenden Tag durch das Staatliche Schulamt in Absprache mit dem Schultr\u00e4ger abgesetzt werden. Die Information dar\u00fcber wird \u00fcber<\/p>\n<p>&nbsp;&nbsp;&nbsp;&nbsp;&nbsp;&nbsp;&nbsp;&nbsp;&nbsp;&nbsp;&nbsp; \u009f Rundfunk<\/p>\n<p>&nbsp;&nbsp;&nbsp;&nbsp;&nbsp;&nbsp;&nbsp;&nbsp;&nbsp;&nbsp;&nbsp; \u009f Internet (Hompage <a href=\"http:\/\/www.vogelsbergkreis.de\">www.vogelsbergkreis.de<\/a><u>;<\/u> Nachrichtenseiten wie Osthessen-<\/p>\n<p>&nbsp;&nbsp;&nbsp;&nbsp;&nbsp;&nbsp;&nbsp;&nbsp;&nbsp;&nbsp;&nbsp; &nbsp;&nbsp; News)<\/p>\n<p>&nbsp;&nbsp;&nbsp;&nbsp;&nbsp;&nbsp;&nbsp;&nbsp;&nbsp;&nbsp;&nbsp; \u009fe-mail an alle Schulen<\/p>\n<p>verbreitet.<\/p>\n<p>&nbsp;<\/p>\n<p><strong><u>Unterrichtsabsage morgens<\/u><\/strong><\/p>\n<p>Sollte nach den eingehenden Meldungen deutlich werden, dass <strong>im gesamten<\/strong> <strong>Kreisgebiet<\/strong> eine sichere Durchf\u00fchrung der Sch\u00fclerbef\u00f6rderung nicht m\u00f6glich ist, erfolgt durch das Amt f\u00fcr Schulische Bildung und Betreuung (ASBB) des Vogelsbergkreises die Absage des Schulbusverkehrs und damit de facto auch die Absage des Unterrichts f\u00fcr den gesamten Kreis. Die Information durch den Schultr\u00e4ger erfolgt \u00fcber die gleichen Wege wie bei der Unterrichtsabsage am Vortag.<\/p>\n<p>&nbsp;<\/p>\n<p><strong><u>Sollte es im Einzugsbereich der Schule zu witterungsbedingten Einschr\u00e4nkungen kommen, tritt morgens folgende Regelung in Kraft:<\/u><\/strong><\/p>\n<p><strong><u>Generell gilt:<\/u><\/strong><strong> Die Kinder m\u00fcssen an der Bushaltestelle <u>20 Minuten<\/u> warten. Sollte der Bus in dieser Zeit nicht gekommen sein, <u>d\u00fcrfen sie nach Hause gehen und der Unterricht f\u00fcr diesen Tag entf\u00e4llt<\/u>. Bitte bringen Sie in diesem Fall die Kinder <u>nicht mit dem Auto zur Schule<\/u>, da der Heimtransport nicht gew\u00e4hrleistet ist und <u>sprechen Sie schon vorher mit den Kindern ab,<\/u> wohin sie sich wenden k\u00f6nnen, falls niemand mehr zu Hause sein sollte.<\/strong><\/p>\n<p>&nbsp;<\/p>\n<p>Eva Sartorius, Rektorin&nbsp;<\/p>\n","protected":false},"excerpt":{"rendered":"<p>Sch\u00fclerbef\u00f6rderung w\u00e4hrend des Winters Liebe Eltern unserer Fahrsch\u00fcler, der Winter steht vor der T\u00fcr, daher m\u00f6chten wir Sie wieder \u00fcber die Vorgehensweise bei extremen Witterungsverh\u00e4ltnissen informieren. Sicher haben Sie Verst\u00e4ndnis f\u00fcr unsere Bitte an Sie, an Tagen mit witterungsbedingten Verkehrsproblemen nicht alle einzeln telefonisch in der Schule nachzufragen, sondern sich im Zweifelsfall an die Klassenlehrerinnen &hellip; <a href=\"https:\/\/grundschule-homberg.de\/wp\/?page_id=27754\" class=\"more-link\"><span class=\"screen-reader-text\">Sch\u00fclerbef\u00f6rderung w\u00e4hrend des Winters<\/span> weiterlesen <span class=\"meta-nav\">&rarr;<\/span><\/a><\/p>\n","protected":false},"author":1,"featured_media":0,"parent":4195,"menu_order":0,"comment_status":"closed","ping_status":"closed","template":"","meta":{"ngg_post_thumbnail":0,"footnotes":""},"class_list":["post-27754","page","type-page","status-publish","hentry"],"jetpack_shortlink":"https:\/\/wp.me\/P3XuEZ-7dE","jetpack-related-posts":[],"jetpack_sharing_enabled":true,"_links":{"self":[{"href":"https:\/\/grundschule-homberg.de\/wp\/index.php?rest_route=\/wp\/v2\/pages\/27754","targetHints":{"allow":["GET"]}}],"collection":[{"href":"https:\/\/grundschule-homberg.de\/wp\/index.php?rest_route=\/wp\/v2\/pages"}],"about":[{"href":"https:\/\/grundschule-homberg.de\/wp\/index.php?rest_route=\/wp\/v2\/types\/page"}],"author":[{"embeddable":true,"href":"https:\/\/grundschule-homberg.de\/wp\/index.php?rest_route=\/wp\/v2\/users\/1"}],"replies":[{"embeddable":true,"href":"https:\/\/grundschule-homberg.de\/wp\/index.php?rest_route=%2Fwp%2Fv2%2Fcomments&post=27754"}],"version-history":[{"count":8,"href":"https:\/\/grundschule-homberg.de\/wp\/index.php?rest_route=\/wp\/v2\/pages\/27754\/revisions"}],"predecessor-version":[{"id":224629,"href":"https:\/\/grundschule-homberg.de\/wp\/index.php?rest_route=\/wp\/v2\/pages\/27754\/revisions\/224629"}],"up":[{"embeddable":true,"href":"https:\/\/grundschule-homberg.de\/wp\/index.php?rest_route=\/wp\/v2\/pages\/4195"}],"wp:attachment":[{"href":"https:\/\/grundschule-homberg.de\/wp\/index.php?rest_route=%2Fwp%2Fv2%2Fmedia&parent=27754"}],"curies":[{"name":"wp","href":"https:\/\/api.w.org\/{rel}","templated":true}]}}

Schülerbeförderung während des Winters

<p><strong><u>Schülerbeförderung während des Winters</u></strong></p>
<p>Liebe Eltern unserer <strong>Fahrschüler</strong>,</p>
<p>der Winter steht vor der Tür, daher möchten wir Sie wieder über die Vorgehensweise bei <strong>extremen Witterungsverhältnissen</strong> informieren. Sicher haben Sie Verständnis für unsere Bitte an Sie, an Tagen mit witterungsbedingten Verkehrsproblemen nicht alle einzeln telefonisch in der Schule nachzufragen, sondern sich im Zweifelsfall an die Klassenlehrerinnen zu wenden.</p>
<p>Das Informations- und Meldesystem im Vogelsbergkreis sieht folgende Abläufe vor:</p>
<p><strong><u>Unterrichtsabsage für den gesamten Kreis am Vortag</u></strong></p>
<p>Sollte sich bereits am Vortag eine erhebliche Beeinträchtigung des Straßenverkehrs und damit auch eine besondere Gefährdung der Schülerinnen und Schüler in der Schülerbeförderung abzeichnen, kann der Unterricht für den folgenden Tag durch das Staatliche Schulamt in Absprache mit dem Schulträger abgesetzt werden. Die Information darüber wird über</p>
<p>&nbsp;&nbsp;&nbsp;&nbsp;&nbsp;&nbsp;&nbsp;&nbsp;&nbsp;&nbsp;&nbsp;  Rundfunk</p>
<p>&nbsp;&nbsp;&nbsp;&nbsp;&nbsp;&nbsp;&nbsp;&nbsp;&nbsp;&nbsp;&nbsp;  Internet (Hompage <a href="http://www.vogelsbergkreis.de">www.vogelsbergkreis.de</a><u>;</u> Nachrichtenseiten wie Osthessen-</p>
<p>&nbsp;&nbsp;&nbsp;&nbsp;&nbsp;&nbsp;&nbsp;&nbsp;&nbsp;&nbsp;&nbsp; &nbsp;&nbsp; News)</p>
<p>&nbsp;&nbsp;&nbsp;&nbsp;&nbsp;&nbsp;&nbsp;&nbsp;&nbsp;&nbsp;&nbsp; e-mail an alle Schulen</p>
<p>verbreitet.</p>
<p>&nbsp;</p>
<p><strong><u>Unterrichtsabsage morgens</u></strong></p>
<p>Sollte nach den eingehenden Meldungen deutlich werden, dass <strong>im gesamten</strong> <strong>Kreisgebiet</strong> eine sichere Durchführung der Schülerbeförderung nicht möglich ist, erfolgt durch das Amt für Schulische Bildung und Betreuung (ASBB) des Vogelsbergkreises die Absage des Schulbusverkehrs und damit de facto auch die Absage des Unterrichts für den gesamten Kreis. Die Information durch den Schulträger erfolgt über die gleichen Wege wie bei der Unterrichtsabsage am Vortag.</p>
<p>&nbsp;</p>
<p><strong><u>Sollte es im Einzugsbereich der Schule zu witterungsbedingten Einschränkungen kommen, tritt morgens folgende Regelung in Kraft:</u></strong></p>
<p><strong><u>Generell gilt:</u></strong><strong> Die Kinder müssen an der Bushaltestelle <u>20 Minuten</u> warten. Sollte der Bus in dieser Zeit nicht gekommen sein, <u>dürfen sie nach Hause gehen und der Unterricht für diesen Tag entfällt</u>. Bitte bringen Sie in diesem Fall die Kinder <u>nicht mit dem Auto zur Schule</u>, da der Heimtransport nicht gewährleistet ist und <u>sprechen Sie schon vorher mit den Kindern ab,</u> wohin sie sich wenden können, falls niemand mehr zu Hause sein sollte.</strong></p>
<p>&nbsp;</p>
<p>Eva Sartorius, Rektorin&nbsp;</p>

<p>Schülerbeförderung während des Winters Liebe Eltern unserer Fahrschüler, der Winter steht vor der Tür, daher möchten wir Sie wieder über die Vorgehensweise bei extremen Witterungsverhältnissen informieren. Sicher haben Sie Verständnis für unsere Bitte an Sie, an Tagen mit witterungsbedingten Verkehrsproblemen nicht alle einzeln telefonisch in der Schule nachzufragen, sondern sich im Zweifelsfall an die Klassenlehrerinnen &hellip; <a href="https://grundschule-homberg.de/wp/?page_id=27754" class="more-link"><span class="screen-reader-text">Schülerbeförderung während des Winters</span> weiterlesen <span class="meta-nav">&rarr;</span></a></p>
