{"id":4316,"date":"2013-11-06T17:23:42","date_gmt":"2013-11-06T16:23:42","guid":{"rendered":"http:\/\/grundschule-homberg.de\/wp\/?page_id=4316"},"modified":"2025-10-24T11:09:59","modified_gmt":"2025-10-24T09:09:59","slug":"krankmeldung-beurlaubung","status":"publish","type":"page","link":"https:\/\/grundschule-homberg.de\/wp\/?page_id=4316","title":{"rendered":"Krankmeldung \/ Beurlaubung"},"content":{"rendered":"<h6>Beurlaubung<\/h6>\n<p>\u00a7 5 der Allgemeinen Ferienordnung des Hessischen Kultusministers von 01.12.2004:<\/p>\n<p>Eine Beurlaubung von Sch\u00fclern vor oder nach einem Ferienabschnitt ist nur in Ausnahmef\u00e4llen und nur aus wichtigen Gr\u00fcnden zul\u00e4ssig. Entsprechende Antr\u00e4ge sind von den Erziehungsberechtigten grunds\u00e4tzlich drei Wochen vorher bei der Schulleiterin schriftlich zu stellen und zu begr\u00fcnden. Die Schulleiterin entscheidet \u00fcber die Beurlaubung. Der Antrag mit Entscheidungsvermerk ist zu den Schulakten zu nehmen.<\/p>\n<p>Nach \u00a7 4 der Allgem. Ferienordnung erhalten Erstkommunikanten den Montag, der auf den Sonntag der Erstkommunion folgt, unterrichtsfrei. Die Erziehungsberechtigten teilen dem Klassenlehrer den Termin der Erstkommunion mit.<\/p>\n<ol>\n<li><strong>Krankmeldung von Sch\u00fclerInnen<\/strong><\/li>\n<\/ol>\n<p>Nach der Verordnung des Kultusministeriums (Amtsblatt 9\/11) sind alle Lehrkr\u00e4fte verpflichtet, unverz\u00fcglich mit den Eltern Kontakt aufzunehmen, falls ein Sch\u00fcler \/ eine Sch\u00fclerin ohne vorherige Entschuldigung nicht im Unterricht anwesend ist.<br \/>\nUm unn\u00f6tige und (f\u00fcr alle Beteiligten) zeitraubende R\u00fcckfragen zu vermeiden, sollten am Beginn des Schultages die entsprechenden Informationen vorliegen.<\/p>\n<p>Wir bitten Sie also, wenn Ihr Kind aus irgendeinem Grund nicht zur Schule kommen kann, um vorherige Benachrichtigung.<\/p>\n<p>Dies sollte wie folgt geschehen:<\/p>\n<p><strong>&nbsp;1. Beauftragen Sie bitte einen Mitsch\u00fcler \/ eine Mitsch\u00fclerin, oder&nbsp; die Lehrerin per ISERV \u00fcber das Fernbleiben Ihres Kindes zu informieren!<br \/>\nDies ist sicher die einfachste L\u00f6sung.<\/strong><\/p>\n<p><strong>&nbsp;2. <\/strong><strong>Bitte rufen Sie nur in Ausnahmef\u00e4llen in der Schule direkt an!<\/strong><\/p>\n<p>Insbesondere im Hinblick auf die Sicherheit Ihres Kindes halten wir diese Ma\u00dfnahme f\u00fcr notwendig und sehr sinnvoll.<\/p>\n<h5><span style=\"color: #ba3700;\">Bitte denken Sie daran, Ihr Kind auch in der Betreuung abzumelden!<\/span><\/h5>\n","protected":false},"excerpt":{"rendered":"<p>Beurlaubung \u00a7 5 der Allgemeinen Ferienordnung des Hessischen Kultusministers von 01.12.2004: Eine Beurlaubung von Sch\u00fclern vor oder nach einem Ferienabschnitt ist nur in Ausnahmef\u00e4llen und nur aus wichtigen Gr\u00fcnden zul\u00e4ssig. Entsprechende Antr\u00e4ge sind von den Erziehungsberechtigten grunds\u00e4tzlich drei Wochen vorher bei der Schulleiterin schriftlich zu stellen und zu begr\u00fcnden. Die Schulleiterin entscheidet \u00fcber die Beurlaubung. &hellip; <a href=\"https:\/\/grundschule-homberg.de\/wp\/?page_id=4316\" class=\"more-link\"><span class=\"screen-reader-text\">Krankmeldung \/ Beurlaubung<\/span> weiterlesen <span class=\"meta-nav\">&rarr;<\/span><\/a><\/p>\n","protected":false},"author":1,"featured_media":0,"parent":4195,"menu_order":2,"comment_status":"closed","ping_status":"closed","template":"","meta":{"ngg_post_thumbnail":0,"footnotes":""},"class_list":["post-4316","page","type-page","status-publish","hentry"],"jetpack_shortlink":"https:\/\/wp.me\/P3XuEZ-17C","jetpack-related-posts":[],"jetpack_sharing_enabled":true,"_links":{"self":[{"href":"https:\/\/grundschule-homberg.de\/wp\/index.php?rest_route=\/wp\/v2\/pages\/4316","targetHints":{"allow":["GET"]}}],"collection":[{"href":"https:\/\/grundschule-homberg.de\/wp\/index.php?rest_route=\/wp\/v2\/pages"}],"about":[{"href":"https:\/\/grundschule-homberg.de\/wp\/index.php?rest_route=\/wp\/v2\/types\/page"}],"author":[{"embeddable":true,"href":"https:\/\/grundschule-homberg.de\/wp\/index.php?rest_route=\/wp\/v2\/users\/1"}],"replies":[{"embeddable":true,"href":"https:\/\/grundschule-homberg.de\/wp\/index.php?rest_route=%2Fwp%2Fv2%2Fcomments&post=4316"}],"version-history":[{"count":8,"href":"https:\/\/grundschule-homberg.de\/wp\/index.php?rest_route=\/wp\/v2\/pages\/4316\/revisions"}],"predecessor-version":[{"id":225464,"href":"https:\/\/grundschule-homberg.de\/wp\/index.php?rest_route=\/wp\/v2\/pages\/4316\/revisions\/225464"}],"up":[{"embeddable":true,"href":"https:\/\/grundschule-homberg.de\/wp\/index.php?rest_route=\/wp\/v2\/pages\/4195"}],"wp:attachment":[{"href":"https:\/\/grundschule-homberg.de\/wp\/index.php?rest_route=%2Fwp%2Fv2%2Fmedia&parent=4316"}],"curies":[{"name":"wp","href":"https:\/\/api.w.org\/{rel}","templated":true}]}}

<h6>Beurlaubung</h6>
<p>§ 5 der Allgemeinen Ferienordnung des Hessischen Kultusministers von 01.12.2004:</p>
<p>Eine Beurlaubung von Schülern vor oder nach einem Ferienabschnitt ist nur in Ausnahmefällen und nur aus wichtigen Gründen zulässig. Entsprechende Anträge sind von den Erziehungsberechtigten grundsätzlich drei Wochen vorher bei der Schulleiterin schriftlich zu stellen und zu begründen. Die Schulleiterin entscheidet über die Beurlaubung. Der Antrag mit Entscheidungsvermerk ist zu den Schulakten zu nehmen.</p>
<p>Nach § 4 der Allgem. Ferienordnung erhalten Erstkommunikanten den Montag, der auf den Sonntag der Erstkommunion folgt, unterrichtsfrei. Die Erziehungsberechtigten teilen dem Klassenlehrer den Termin der Erstkommunion mit.</p>
<ol>
<li><strong>Krankmeldung von SchülerInnen</strong></li>
</ol>
<p>Nach der Verordnung des Kultusministeriums (Amtsblatt 9/11) sind alle Lehrkräfte verpflichtet, unverzüglich mit den Eltern Kontakt aufzunehmen, falls ein Schüler / eine Schülerin ohne vorherige Entschuldigung nicht im Unterricht anwesend ist.<br />
Um unnötige und (für alle Beteiligten) zeitraubende Rückfragen zu vermeiden, sollten am Beginn des Schultages die entsprechenden Informationen vorliegen.</p>
<p>Wir bitten Sie also, wenn Ihr Kind aus irgendeinem Grund nicht zur Schule kommen kann, um vorherige Benachrichtigung.</p>
<p>Dies sollte wie folgt geschehen:</p>
<p><strong>&nbsp;1. Beauftragen Sie bitte einen Mitschüler / eine Mitschülerin, oder&nbsp; die Lehrerin per ISERV über das Fernbleiben Ihres Kindes zu informieren!<br />
Dies ist sicher die einfachste Lösung.</strong></p>
<p><strong>&nbsp;2. </strong><strong>Bitte rufen Sie nur in Ausnahmefällen in der Schule direkt an!</strong></p>
<p>Insbesondere im Hinblick auf die Sicherheit Ihres Kindes halten wir diese Maßnahme für notwendig und sehr sinnvoll.</p>
<h5><span style="color: #ba3700;">Bitte denken Sie daran, Ihr Kind auch in der Betreuung abzumelden!</span></h5>

<p>Beurlaubung § 5 der Allgemeinen Ferienordnung des Hessischen Kultusministers von 01.12.2004: Eine Beurlaubung von Schülern vor oder nach einem Ferienabschnitt ist nur in Ausnahmefällen und nur aus wichtigen Gründen zulässig. Entsprechende Anträge sind von den Erziehungsberechtigten grundsätzlich drei Wochen vorher bei der Schulleiterin schriftlich zu stellen und zu begründen. Die Schulleiterin entscheidet über die Beurlaubung. &hellip; <a href="https://grundschule-homberg.de/wp/?page_id=4316" class="more-link"><span class="screen-reader-text">Krankmeldung / Beurlaubung</span> weiterlesen <span class="meta-nav">&rarr;</span></a></p>
