{"id":74,"date":"2013-09-25T14:59:28","date_gmt":"2013-09-25T12:59:28","guid":{"rendered":"http:\/\/grundschule-homberg.de\/wp\/?page_id=74"},"modified":"2026-03-19T10:39:28","modified_gmt":"2026-03-19T09:39:28","slug":"page-3","status":"publish","type":"page","link":"https:\/\/grundschule-homberg.de\/wp\/?page_id=74","title":{"rendered":"F\u00f6rderverein"},"content":{"rendered":"<p><b>&nbsp;<\/b><\/p>\n<figure id=\"attachment_13550\" aria-describedby=\"caption-attachment-13550\" style=\"width: 154px\" class=\"wp-caption alignleft\"><a href=\"https:\/\/i0.wp.com\/grundschule-homberg.de\/wp\/wp-content\/uploads\/logo-gestaltet-von-tina-gerdes.jpg\" target=\"_blank\" rel=\"noopener noreferrer\"><img data-recalc-dims=\"1\" loading=\"lazy\" decoding=\"async\" class=\"wp-image-13550 \" title=\"Logo gestaltet von Tina Gerdes\" src=\"https:\/\/i0.wp.com\/grundschule-homberg.de\/wp\/wp-content\/uploads\/logo-gestaltet-von-tina-gerdes-300x300.jpg?resize=154%2C154\" alt=\"Logo gestaltet von Tina Gerdes \" width=\"154\" height=\"154\" srcset=\"https:\/\/i0.wp.com\/grundschule-homberg.de\/wp\/wp-content\/uploads\/logo-gestaltet-von-tina-gerdes.jpg?resize=300%2C300&amp;ssl=1 300w, https:\/\/i0.wp.com\/grundschule-homberg.de\/wp\/wp-content\/uploads\/logo-gestaltet-von-tina-gerdes.jpg?resize=150%2C150&amp;ssl=1 150w, https:\/\/i0.wp.com\/grundschule-homberg.de\/wp\/wp-content\/uploads\/logo-gestaltet-von-tina-gerdes.jpg?resize=40%2C40&amp;ssl=1 40w, https:\/\/i0.wp.com\/grundschule-homberg.de\/wp\/wp-content\/uploads\/logo-gestaltet-von-tina-gerdes.jpg?w=359&amp;ssl=1 359w\" sizes=\"auto, (max-width: 154px) 100vw, 154px\" \/><\/a><figcaption id=\"caption-attachment-13550\" class=\"wp-caption-text\">Logo gestaltet von Tina Gerdes<\/figcaption><\/figure>\n<p><b>Wer sind wir eigentlich?<br \/>\n<\/b>Der im November 2006 gegr\u00fcndete Verein setzt sich aus engagierten Eltern zusammen, aber auch aus Lehrer\/innen und B\u00fcrger\/innen, die unsere Arbeit mittragen wollen.<\/p>\n<p>Der F\u00f6rderverein unterst\u00fctzt die Grundschule und damit die Einrichtung, die f\u00fcr die Zukunft unserer Kinder von entscheidender Bedeutung ist. Wir hoffen daher auf stetigen Zuwachs.<\/p>\n<p><b>Warum F\u00f6rderverein?<br \/>\n<\/b>Wir m\u00f6chten \u2013 in Zusammenarbeit mit der Schule \u2013 Kinder und deren Lehrer\/innen in ihrem Schulalltag unterst\u00fctzen, Eltern \u00fcber verschiedene Themen informieren, durch vielseitige Projekte Kindern Selbstvertrauen vermitteln, deren Pers\u00f6nlichkeit st\u00e4rken und ihnen neue Erfahrungen und Erfolgserlebnisse erm\u00f6glichen.<\/p>\n<p>Durch Ausschreibungen ans\u00e4ssiger Banken, Firmen und Vereine sind wir in der Lage, Geldmittel und Spenden zu organisieren, um dieses zu erm\u00f6glichen.<\/p>\n<p><b>Wie k\u00f6nnen wir das schaffen?<br \/>\n<\/b>Indem wir zu Kursen, Vortr\u00e4gen, Aktivit\u00e4ten einladen und Projekte der Schule mittragen, wie z. B.:<\/p>\n<ul>\n<li>Schul-T-Shirts<\/li>\n<li>Schulplaner (Teilbetrag)<\/li>\n<li>Selbstbehauptungskurse f\u00fcr Kinder<\/li>\n<li>Infoabende f\u00fcr Eltern zu aktuellen Themen wie z. B. Gefahren im Internet oder Gewaltpr\u00e4vention<\/li>\n<li>Unterst\u00fctzung der Schulb\u00fccherei<\/li>\n<li>Tauschb\u00f6rsen<\/li>\n<li>Zirkus-Projekt (Herbst 2010, 2014,2017 und 2021, gepl. 2025<\/li>\n<li>Schulhofgestaltung<\/li>\n<li>Errichtung des Nachgartens<\/li>\n<li>T\u00f6pfer-AG, Computer-AG<\/li>\n<li>Unterst\u00fctzung von Schulveranstaltungen (Fledermausfest, Planetarium, K\u00e4nguru-Wettbewerb, Kinder-Oper, Weihnachtsmarkt)<\/li>\n<li>Werkraumrenovierung<\/li>\n<li>Barfu\u00dfpfad<\/li>\n<li>Pausenb\u00e4lle<\/li>\n<\/ul>\n<p><b>Wie k\u00f6nnen Sie die Arbeit des Vereins unterst\u00fctzen?<br \/>\n<\/b>Indem Sie f\u00fcr nur 12 \u20ac (Ehepaar 15 \u20ac) pro Jahr Mitglied im F\u00f6rderverein werden.<\/p>\n<p>Auch k\u00f6nnen Sie uns mit einer Spende auf das Konto DE22 5139 0000 0047 3444 09 bei der Volksbank Mittelhessen unterst\u00fctzen. Gerne stellen wir Ihnen eine Spendenquittung aus.<\/p>\n<p>Des Weiteren sind Sie <i>Herzlich Willkommen<\/i> zu allen Vorstandssitzungen, um Ihre Anregungen und Ideen mit einflie\u00dfen zu lassen.<\/p>\n<p>Informationen erhalten Sie gerne von folgenden Personen:<\/p>\n<p>Kinga Walter&nbsp; &nbsp; &#8211;&nbsp; &nbsp;Olga Gutwin &#8211; Sabrina Staruschek &#8211;&nbsp; Stephanie Justus &#8211;&nbsp;<br \/>\n&nbsp; &nbsp;&#8211;&nbsp; &nbsp; &nbsp;Elisa Pfeil&nbsp; &nbsp; &nbsp; &#8211;&nbsp; &nbsp; &nbsp;Eva Sartorius &#8211; Jindra Bakker<\/p>\n<p>&nbsp;<\/p>\n<p><strong>Adresse:<\/strong> Hochstr. 11&nbsp; &nbsp; &nbsp; &nbsp; 35315 Homberg (Ohm)<\/p>\n<p><strong>E-Mail-Adresse<\/strong>: foerderverein.grundschule@schule-homberg.de<\/p>\n<p><strong>Facebook<\/strong>:&nbsp; https:\/\/www.facebook.com\/Foerderverein.der.Grundschule.Homberg.Ohm\/<\/p>\n<p><strong>Instagram:<\/strong> Foerderverein_gs_hombergohm<\/p>\n<div class=\"ead-preview\"><div class=\"ead-document\" style=\"position: relative;\"><div class=\"ead-iframe-wrapper\"><iframe src=\"\/\/docs.google.com\/viewer?url=https%3A%2F%2Fgrundschule-homberg.de%2Fwp%2Fwp-content%2Fuploads%2F2024%2F06%2FFoerderverein_GSH_Formular_ausfuellbar.pdf&amp;embedded=true&amp;hl=en\" title=\"Eingebettetes Dokument\" class=\"ead-iframe\" style=\"width: 100%;height: 500px;border: none;visibility: hidden;\"><\/iframe><\/div>\t\t\t<div class=\"ead-document-loading\" style=\"width:100%;height:100%;position:absolute;left:0;top:0;z-index:10;\">\n\t\t\t\t<div class=\"ead-loading-wrap\">\n\t\t\t\t\t<div class=\"ead-loading-main\">\n\t\t\t\t\t\t<div class=\"ead-loading\">\n\t\t\t\t\t\t\t<img loading=\"lazy\" decoding=\"async\" src=\"https:\/\/grundschule-homberg.de\/wp\/wp-content\/plugins\/embed-any-document\/images\/loading.svg\" width=\"55\" height=\"55\" alt=\"Loader\">\n\t\t\t\t\t\t\t<span>Wird geladen\u00a0\u2026<\/span>\n\t\t\t\t\t\t<\/div>\n\t\t\t\t\t<\/div>\n\t\t\t\t\t<div class=\"ead-loading-foot\">\n\t\t\t\t\t\t<div class=\"ead-loading-foot-title\">\n\t\t\t\t\t\t\t<img loading=\"lazy\" decoding=\"async\" src=\"https:\/\/grundschule-homberg.de\/wp\/wp-content\/plugins\/embed-any-document\/images\/EAD-logo.svg\" alt=\"EAD-Logo\" width=\"36\" height=\"23\"\/>\n\t\t\t\t\t\t\t<span>Es dauert zu lange?<\/span>\n\t\t\t\t\t\t<\/div>\n\t\t\t\t\t\t<p>\n\t\t\t\t\t\t\t<div class=\"ead-document-btn ead-reload-btn\" role=\"button\">\n\t\t\t\t\t\t\t\t<img loading=\"lazy\" decoding=\"async\" src=\"https:\/\/grundschule-homberg.de\/wp\/wp-content\/plugins\/embed-any-document\/images\/reload.svg\" alt=\"Neu laden\" width=\"12\" height=\"12\"\/> Dokument neu laden\t\t\t\t\t\t\t<\/div>\n\t\t\t\t\t\t\t<span>|<\/span>\n\t\t\t\t\t\t\t<a href=\"https:\/\/grundschule-homberg.de\/wp\/wp-content\/uploads\/2024\/06\/Foerderverein_GSH_Formular_ausfuellbar.pdf\" class=\"ead-document-btn\" target=\"_blank\">\n\t\t\t\t\t\t\t\t<img loading=\"lazy\" decoding=\"async\" src=\"https:\/\/grundschule-homberg.de\/wp\/wp-content\/plugins\/embed-any-document\/images\/open.svg\" alt=\"\u00d6ffnen\" width=\"12\" height=\"12\"\/> In neuem Tab \u00f6ffnen\t\t\t\t\t\t\t<\/a>\n\t\t\t\t\t<\/div>\n\t\t\t\t<\/div>\n\t\t\t<\/div>\n\t\t<\/div><p class=\"embed_download\"><a href=\"https:\/\/grundschule-homberg.de\/wp\/wp-content\/uploads\/2024\/06\/Foerderverein_GSH_Formular_ausfuellbar.pdf\" download>Beitrittsformular Download [477.99 KB] <\/a><\/p><\/div>\n<div class=\"ead-preview\"><div class=\"ead-document\" style=\"position: relative;\"><div class=\"ead-iframe-wrapper\"><iframe src=\"\/\/docs.google.com\/viewer?url=https%3A%2F%2Fgrundschule-homberg.de%2Fwp%2Fwp-content%2Fuploads%2F2024%2F06%2FSatzung_Foerderverein_Grundschule_NEU.pdf&amp;embedded=true&amp;hl=en\" title=\"Eingebettetes Dokument\" class=\"ead-iframe\" style=\"width: 100%;height: 200px;border: none;visibility: hidden;\"><\/iframe><\/div>\t\t\t<div class=\"ead-document-loading\" style=\"width:100%;height:100%;position:absolute;left:0;top:0;z-index:10;\">\n\t\t\t\t<div class=\"ead-loading-wrap\">\n\t\t\t\t\t<div class=\"ead-loading-main\">\n\t\t\t\t\t\t<div class=\"ead-loading\">\n\t\t\t\t\t\t\t<img loading=\"lazy\" decoding=\"async\" src=\"https:\/\/grundschule-homberg.de\/wp\/wp-content\/plugins\/embed-any-document\/images\/loading.svg\" width=\"55\" height=\"55\" alt=\"Loader\">\n\t\t\t\t\t\t\t<span>Wird geladen\u00a0\u2026<\/span>\n\t\t\t\t\t\t<\/div>\n\t\t\t\t\t<\/div>\n\t\t\t\t\t<div class=\"ead-loading-foot\">\n\t\t\t\t\t\t<div class=\"ead-loading-foot-title\">\n\t\t\t\t\t\t\t<img loading=\"lazy\" decoding=\"async\" src=\"https:\/\/grundschule-homberg.de\/wp\/wp-content\/plugins\/embed-any-document\/images\/EAD-logo.svg\" alt=\"EAD-Logo\" width=\"36\" height=\"23\"\/>\n\t\t\t\t\t\t\t<span>Es dauert zu lange?<\/span>\n\t\t\t\t\t\t<\/div>\n\t\t\t\t\t\t<p>\n\t\t\t\t\t\t\t<div class=\"ead-document-btn ead-reload-btn\" role=\"button\">\n\t\t\t\t\t\t\t\t<img loading=\"lazy\" decoding=\"async\" src=\"https:\/\/grundschule-homberg.de\/wp\/wp-content\/plugins\/embed-any-document\/images\/reload.svg\" alt=\"Neu laden\" width=\"12\" height=\"12\"\/> Dokument neu laden\t\t\t\t\t\t\t<\/div>\n\t\t\t\t\t\t\t<span>|<\/span>\n\t\t\t\t\t\t\t<a href=\"https:\/\/grundschule-homberg.de\/wp\/wp-content\/uploads\/2024\/06\/Satzung_Foerderverein_Grundschule_NEU.pdf\" class=\"ead-document-btn\" target=\"_blank\">\n\t\t\t\t\t\t\t\t<img loading=\"lazy\" decoding=\"async\" src=\"https:\/\/grundschule-homberg.de\/wp\/wp-content\/plugins\/embed-any-document\/images\/open.svg\" alt=\"\u00d6ffnen\" width=\"12\" height=\"12\"\/> In neuem Tab \u00f6ffnen\t\t\t\t\t\t\t<\/a>\n\t\t\t\t\t<\/div>\n\t\t\t\t<\/div>\n\t\t\t<\/div>\n\t\t<\/div><p class=\"embed_download\"><a href=\"https:\/\/grundschule-homberg.de\/wp\/wp-content\/uploads\/2024\/06\/Satzung_Foerderverein_Grundschule_NEU.pdf\" download>Satzung Download [547.17 KB] <\/a><\/p><\/div>\n<p>&nbsp;<\/p>\n<p>&nbsp;<\/p>\n<p>&nbsp;<\/p>\n","protected":false},"excerpt":{"rendered":"<p>&nbsp; Wer sind wir eigentlich? Der im November 2006 gegr\u00fcndete Verein setzt sich aus engagierten Eltern zusammen, aber auch aus Lehrer\/innen und B\u00fcrger\/innen, die unsere Arbeit mittragen wollen. Der F\u00f6rderverein unterst\u00fctzt die Grundschule und damit die Einrichtung, die f\u00fcr die Zukunft unserer Kinder von entscheidender Bedeutung ist. Wir hoffen daher auf stetigen Zuwachs. Warum F\u00f6rderverein? &hellip; <a href=\"https:\/\/grundschule-homberg.de\/wp\/?page_id=74\" class=\"more-link\"><span class=\"screen-reader-text\">F\u00f6rderverein<\/span> weiterlesen <span class=\"meta-nav\">&rarr;<\/span><\/a><\/p>\n","protected":false},"author":1,"featured_media":0,"parent":0,"menu_order":90,"comment_status":"closed","ping_status":"closed","template":"","meta":{"ngg_post_thumbnail":0,"footnotes":""},"class_list":["post-74","page","type-page","status-publish","hentry"],"jetpack_shortlink":"https:\/\/wp.me\/P3XuEZ-1c","jetpack-related-posts":[],"jetpack_sharing_enabled":true,"_links":{"self":[{"href":"https:\/\/grundschule-homberg.de\/wp\/index.php?rest_route=\/wp\/v2\/pages\/74","targetHints":{"allow":["GET"]}}],"collection":[{"href":"https:\/\/grundschule-homberg.de\/wp\/index.php?rest_route=\/wp\/v2\/pages"}],"about":[{"href":"https:\/\/grundschule-homberg.de\/wp\/index.php?rest_route=\/wp\/v2\/types\/page"}],"author":[{"embeddable":true,"href":"https:\/\/grundschule-homberg.de\/wp\/index.php?rest_route=\/wp\/v2\/users\/1"}],"replies":[{"embeddable":true,"href":"https:\/\/grundschule-homberg.de\/wp\/index.php?rest_route=%2Fwp%2Fv2%2Fcomments&post=74"}],"version-history":[{"count":34,"href":"https:\/\/grundschule-homberg.de\/wp\/index.php?rest_route=\/wp\/v2\/pages\/74\/revisions"}],"predecessor-version":[{"id":225608,"href":"https:\/\/grundschule-homberg.de\/wp\/index.php?rest_route=\/wp\/v2\/pages\/74\/revisions\/225608"}],"wp:attachment":[{"href":"https:\/\/grundschule-homberg.de\/wp\/index.php?rest_route=%2Fwp%2Fv2%2Fmedia&parent=74"}],"curies":[{"name":"wp","href":"https:\/\/api.w.org\/{rel}","templated":true}]}}

Förderverein

<p><b>&nbsp;</b></p>
<figure id="attachment_13550" aria-describedby="caption-attachment-13550" style="width: 154px" class="wp-caption alignleft"><a href="https://i0.wp.com/grundschule-homberg.de/wp/wp-content/uploads/logo-gestaltet-von-tina-gerdes.jpg" target="_blank" rel="noopener noreferrer"><img data-recalc-dims="1" loading="lazy" decoding="async" class="wp-image-13550 " title="Logo gestaltet von Tina Gerdes" src="https://i0.wp.com/grundschule-homberg.de/wp/wp-content/uploads/logo-gestaltet-von-tina-gerdes-300x300.jpg?resize=154%2C154" alt="Logo gestaltet von Tina Gerdes " width="154" height="154" srcset="https://i0.wp.com/grundschule-homberg.de/wp/wp-content/uploads/logo-gestaltet-von-tina-gerdes.jpg?resize=300%2C300&amp;ssl=1 300w, https://i0.wp.com/grundschule-homberg.de/wp/wp-content/uploads/logo-gestaltet-von-tina-gerdes.jpg?resize=150%2C150&amp;ssl=1 150w, https://i0.wp.com/grundschule-homberg.de/wp/wp-content/uploads/logo-gestaltet-von-tina-gerdes.jpg?resize=40%2C40&amp;ssl=1 40w, https://i0.wp.com/grundschule-homberg.de/wp/wp-content/uploads/logo-gestaltet-von-tina-gerdes.jpg?w=359&amp;ssl=1 359w" sizes="auto, (max-width: 154px) 100vw, 154px" /></a><figcaption id="caption-attachment-13550" class="wp-caption-text">Logo gestaltet von Tina Gerdes</figcaption></figure>
<p><b>Wer sind wir eigentlich?<br />
</b>Der im November 2006 gegründete Verein setzt sich aus engagierten Eltern zusammen, aber auch aus Lehrer/innen und Bürger/innen, die unsere Arbeit mittragen wollen.</p>
<p>Der Förderverein unterstützt die Grundschule und damit die Einrichtung, die für die Zukunft unserer Kinder von entscheidender Bedeutung ist. Wir hoffen daher auf stetigen Zuwachs.</p>
<p><b>Warum Förderverein?<br />
</b>Wir möchten – in Zusammenarbeit mit der Schule – Kinder und deren Lehrer/innen in ihrem Schulalltag unterstützen, Eltern über verschiedene Themen informieren, durch vielseitige Projekte Kindern Selbstvertrauen vermitteln, deren Persönlichkeit stärken und ihnen neue Erfahrungen und Erfolgserlebnisse ermöglichen.</p>
<p>Durch Ausschreibungen ansässiger Banken, Firmen und Vereine sind wir in der Lage, Geldmittel und Spenden zu organisieren, um dieses zu ermöglichen.</p>
<p><b>Wie können wir das schaffen?<br />
</b>Indem wir zu Kursen, Vorträgen, Aktivitäten einladen und Projekte der Schule mittragen, wie z. B.:</p>
<ul>
<li>Schul-T-Shirts</li>
<li>Schulplaner (Teilbetrag)</li>
<li>Selbstbehauptungskurse für Kinder</li>
<li>Infoabende für Eltern zu aktuellen Themen wie z. B. Gefahren im Internet oder Gewaltprävention</li>
<li>Unterstützung der Schulbücherei</li>
<li>Tauschbörsen</li>
<li>Zirkus-Projekt (Herbst 2010, 2014,2017 und 2021, gepl. 2025</li>
<li>Schulhofgestaltung</li>
<li>Errichtung des Nachgartens</li>
<li>Töpfer-AG, Computer-AG</li>
<li>Unterstützung von Schulveranstaltungen (Fledermausfest, Planetarium, Känguru-Wettbewerb, Kinder-Oper, Weihnachtsmarkt)</li>
<li>Werkraumrenovierung</li>
<li>Barfußpfad</li>
<li>Pausenbälle</li>
</ul>
<p><b>Wie können Sie die Arbeit des Vereins unterstützen?<br />
</b>Indem Sie für nur 12 € (Ehepaar 15 €) pro Jahr Mitglied im Förderverein werden.</p>
<p>Auch können Sie uns mit einer Spende auf das Konto DE22 5139 0000 0047 3444 09 bei der Volksbank Mittelhessen unterstützen. Gerne stellen wir Ihnen eine Spendenquittung aus.</p>
<p>Des Weiteren sind Sie <i>Herzlich Willkommen</i> zu allen Vorstandssitzungen, um Ihre Anregungen und Ideen mit einfließen zu lassen.</p>
<p>Informationen erhalten Sie gerne von folgenden Personen:</p>
<p>Kinga Walter&nbsp; &nbsp; &#8211;&nbsp; &nbsp;Olga Gutwin &#8211; Sabrina Staruschek &#8211;&nbsp; Stephanie Justus &#8211;&nbsp;<br />
&nbsp; &nbsp;&#8211;&nbsp; &nbsp; &nbsp;Elisa Pfeil&nbsp; &nbsp; &nbsp; &#8211;&nbsp; &nbsp; &nbsp;Eva Sartorius &#8211; Jindra Bakker</p>
<p>&nbsp;</p>
<p><strong>Adresse:</strong> Hochstr. 11&nbsp; &nbsp; &nbsp; &nbsp; 35315 Homberg (Ohm)</p>
<p><strong>E-Mail-Adresse</strong>: foerderverein.grundschule@schule-homberg.de</p>
<p><strong>Facebook</strong>:&nbsp; https://www.facebook.com/Foerderverein.der.Grundschule.Homberg.Ohm/</p>
<p><strong>Instagram:</strong> Foerderverein_gs_hombergohm</p>
<div class="ead-preview"><div class="ead-document" style="position: relative;"><div class="ead-iframe-wrapper"><iframe src="//docs.google.com/viewer?url=https%3A%2F%2Fgrundschule-homberg.de%2Fwp%2Fwp-content%2Fuploads%2F2024%2F06%2FFoerderverein_GSH_Formular_ausfuellbar.pdf&amp;embedded=true&amp;hl=en" title="Eingebettetes Dokument" class="ead-iframe" style="width: 100%;height: 500px;border: none;visibility: hidden;"></iframe></div>			<div class="ead-document-loading" style="width:100%;height:100%;position:absolute;left:0;top:0;z-index:10;">
				<div class="ead-loading-wrap">
					<div class="ead-loading-main">
						<div class="ead-loading">
							<img loading="lazy" decoding="async" src="https://grundschule-homberg.de/wp/wp-content/plugins/embed-any-document/images/loading.svg" width="55" height="55" alt="Loader">
							<span>Wird geladen …</span>
						</div>
					</div>
					<div class="ead-loading-foot">
						<div class="ead-loading-foot-title">
							<img loading="lazy" decoding="async" src="https://grundschule-homberg.de/wp/wp-content/plugins/embed-any-document/images/EAD-logo.svg" alt="EAD-Logo" width="36" height="23"/>
							<span>Es dauert zu lange?</span>
						</div>
						<p>
							<div class="ead-document-btn ead-reload-btn" role="button">
								<img loading="lazy" decoding="async" src="https://grundschule-homberg.de/wp/wp-content/plugins/embed-any-document/images/reload.svg" alt="Neu laden" width="12" height="12"/> Dokument neu laden							</div>
							<span>|</span>
							<a href="https://grundschule-homberg.de/wp/wp-content/uploads/2024/06/Foerderverein_GSH_Formular_ausfuellbar.pdf" class="ead-document-btn" target="_blank">
								<img loading="lazy" decoding="async" src="https://grundschule-homberg.de/wp/wp-content/plugins/embed-any-document/images/open.svg" alt="Öffnen" width="12" height="12"/> In neuem Tab öffnen							</a>
					</div>
				</div>
			</div>
		</div><p class="embed_download"><a href="https://grundschule-homberg.de/wp/wp-content/uploads/2024/06/Foerderverein_GSH_Formular_ausfuellbar.pdf" download>Beitrittsformular Download [477.99 KB] </a></p></div>
<div class="ead-preview"><div class="ead-document" style="position: relative;"><div class="ead-iframe-wrapper"><iframe src="//docs.google.com/viewer?url=https%3A%2F%2Fgrundschule-homberg.de%2Fwp%2Fwp-content%2Fuploads%2F2024%2F06%2FSatzung_Foerderverein_Grundschule_NEU.pdf&amp;embedded=true&amp;hl=en" title="Eingebettetes Dokument" class="ead-iframe" style="width: 100%;height: 200px;border: none;visibility: hidden;"></iframe></div>			<div class="ead-document-loading" style="width:100%;height:100%;position:absolute;left:0;top:0;z-index:10;">
				<div class="ead-loading-wrap">
					<div class="ead-loading-main">
						<div class="ead-loading">
							<img loading="lazy" decoding="async" src="https://grundschule-homberg.de/wp/wp-content/plugins/embed-any-document/images/loading.svg" width="55" height="55" alt="Loader">
							<span>Wird geladen …</span>
						</div>
					</div>
					<div class="ead-loading-foot">
						<div class="ead-loading-foot-title">
							<img loading="lazy" decoding="async" src="https://grundschule-homberg.de/wp/wp-content/plugins/embed-any-document/images/EAD-logo.svg" alt="EAD-Logo" width="36" height="23"/>
							<span>Es dauert zu lange?</span>
						</div>
						<p>
							<div class="ead-document-btn ead-reload-btn" role="button">
								<img loading="lazy" decoding="async" src="https://grundschule-homberg.de/wp/wp-content/plugins/embed-any-document/images/reload.svg" alt="Neu laden" width="12" height="12"/> Dokument neu laden							</div>
							<span>|</span>
							<a href="https://grundschule-homberg.de/wp/wp-content/uploads/2024/06/Satzung_Foerderverein_Grundschule_NEU.pdf" class="ead-document-btn" target="_blank">
								<img loading="lazy" decoding="async" src="https://grundschule-homberg.de/wp/wp-content/plugins/embed-any-document/images/open.svg" alt="Öffnen" width="12" height="12"/> In neuem Tab öffnen							</a>
					</div>
				</div>
			</div>
		</div><p class="embed_download"><a href="https://grundschule-homberg.de/wp/wp-content/uploads/2024/06/Satzung_Foerderverein_Grundschule_NEU.pdf" download>Satzung Download [547.17 KB] </a></p></div>
<p>&nbsp;</p>
<p>&nbsp;</p>
<p>&nbsp;</p>

<p>&nbsp; Wer sind wir eigentlich? Der im November 2006 gegründete Verein setzt sich aus engagierten Eltern zusammen, aber auch aus Lehrer/innen und Bürger/innen, die unsere Arbeit mittragen wollen. Der Förderverein unterstützt die Grundschule und damit die Einrichtung, die für die Zukunft unserer Kinder von entscheidender Bedeutung ist. Wir hoffen daher auf stetigen Zuwachs. Warum Förderverein? &hellip; <a href="https://grundschule-homberg.de/wp/?page_id=74" class="more-link"><span class="screen-reader-text">Förderverein</span> weiterlesen <span class="meta-nav">&rarr;</span></a></p>
